2750027 (base 8) to base 7.
114025325
Convert 2320202323 (base 4) to base 7.
6265534
What is -11001011110001110 (base 2) in base 15?
-20da9
Convert -12225a (base 11) to base 4.
-233030112
Convert 6a4512 (base 15) to base 10.
5077142
Convert -a31261 (base 13) to base 3.
-21011010022012
34331442 (base 8) to base 15
9c2c6b
Convert 1a0830 (base 16) to base 14.
325a36
What is 61666 (base 9) in base 12?
1b629
Convert -3111332302 (base 4) to base 13.
-248c26
What is -101110430 (base 6) in base 3?
-10021011200000
Convert -735c1 (base 15) to base 14.
-97450
63378 (base 9) to base 2
1010001110001011
47349 (base 11) to base 4
100223021
Convert -13644331 (base 9) to base 2.
-11001110010101000111001
What is 114346 (base 10) in base 6?
2241214
Convert -25101166 (base 8) to base 12.
-1a31132
What is -1b6cb7 (base 13) in base 7?
-5646135
Convert -2012302031 (base 4) to base 12.
-2275a5
Convert -30b833 (base 12) to base 6.
-24233303
Convert -4400450 (base 6) to base 16.
-3532e
What is -306493 (base 15) in base 11?
-1330646
What is -1cc23c7 (base 13) in base 14?
-13c973b
What is -242472 (base 8) in base 14?
-224b0
Convert 622354 (base 8) to base 11.
1308a8
Convert -2305450 (base 7) to base 14.
-76b97
2124331 (base 7) to base 6
5312304
What is 564136 (base 8) in base 12?
9233a
13041334 (base 5) to base 11
87a59
Convert 41430343 (base 5) to base 10.
342598
Convert -aeeb (base 15) to base 6.
-443505
What is -52a70 (base 14) in base 4?
-300233022
Convert 100100101011111110 (base 2) to base 9.
248116
2033530 (base 7) to base 6
5120404
Convert -3002432 (base 5) to base 12.
-2340a
Convert 17b8a (base 14) to base 8.
164776
Convert -132200012 (base 4) to base 7.
-1030145
-4720787 (base 9) to base 3
-11210200212221
Convert -41933 (base 12) to base 7.
-505515
Convert -38315 (base 11) to base 12.
-27972
140708 (base 11) to base 14
5a4bc
Convert 220001203 (base 4) to base 5.
20221224
Convert 11001001110001111010111 (base 2) to base 6.
353414435
-12d4175 (base 14) to base 8
-42614333
-27713127 (base 8) to base 6
-342133515
699446 (base 12) to base 3
10012011012100
47962 (base 10) to base 14
1369c
-26e1d (base 16) to base 6
-3225153
568e (base 15) to base 16
47b7
What is -21022510 (base 6) in base 2?
-10010100110111001010
What is 1327861 (base 10) in base 15?
1b3691
736d (base 15) to base 13
b152
Convert -b9b3a (base 16) to base 14.
-15b2b0
7659133 (base 10) to base 5
3430043013
Convert 69572 (base 10) to base 7.
406556
-130102013113 (base 4) to base 2
-11100010010000111010111
Convert 1939217 (base 10) to base 6.
105321505
Convert 13330110 (base 5) to base 15.
2a5a5
Convert ac1c08 (base 13) to base 9.
7567114
-120202303 (base 4) to base 6
-2053231
Convert -34971 (base 10) to base 11.
-24302
Convert -26d587 (base 16) to base 4.
-21231112013
What is 111201100220 (base 3) in base 13?
95b80
323554 (base 7) to base 12
28874
What is 12145334 (base 6) in base 5?
44344133
What is 5a0b7 (base 12) in base 13?
43174
What is -13453060 (base 7) in base 9?
-2324887
Convert 9a88d (base 15) to base 4.
1313330230
Convert 133251025 (base 6) to base 4.
22032230321
77302 (base 12) to base 6
3214002
What is -101101110110000101111 (base 2) in base 15?
-1ea1a5
14364126 (base 7) to base 9
2503113
-100110010110110000110110 (base 2) to base 9
-20824420
50bac (base 15) to base 7
2113443
-1001020010221 (base 3) to base 5
-120234404
What is 40003213 (base 5) in base 3?
120220021010
What is 1289633 (base 10) in base 12?
522395
What is 10010010011100010 (base 2) in base 10?
74978
Convert -1413370 (base 9) to base 5.
-144323231
What is 3c145 (base 14) in base 6?
3103105
Convert -4470745 (base 11) to base 6.
-435523423
-2632271 (base 12) to base 11
-4284171
-30003203333 (base 4) to base 10
-3160319
Convert 493341 (base 10) to base 2.
1111000011100011101
What is 261267 (base 9) in base 16?
26ad0
What is 2005315 (base 6) in base 16?
1712f
Convert -12023310 (base 7) to base 13.
-2b3899
-102444 (base 10) to base 2
-11001000000101100
77782 (base 11) to base 15
23611
119104 (base 10) to base 5
12302404
5629 (base 15) to base 16
4758
1440564 (base 7) to base 10
194772
-50a326 (base 13) to base 9
-3473418
230693 (base 11) to base 15
73a6d
40765 (base 9) to base 15
7e65
What is -254431 (base 8) in base 10?
-88345
1d83cd7 (base 14) to base 6
1250020405
-225839 (base 10) to base 7
-1630265
220222100010100 (base 3) to base 9
26870110
What is 1598a0 (base 11) in base 5?
30403223
What is 11301534 (base 7) in base 5?
223222401
What is 12312220012 (base 4) in base 16?
1b6a06
-acb3b (base 15) to base 13
-163025
What is -140250451 (base 6) in base 9?
-5270414
1105104 (base 6) to base 7
320650
Convert -1c71dc (base 15) to base 13.
-39914a
What is -1415326 (base 8) in base 5?
-100300321
-5502565 (base 7) to base 8
-2442752
What is 207337 (base 8) in base 14?
1b3b1
What is -2040554 (base 7) in base 2?
-111011110111000010
Convert 510534331 (base 6) to base 8.
41212557
What is 10013010131 (base 4) in base 5?
233440113
-41ab809 (base 12) to base 7
-210366531
Convert -455772 (base 9) to base 5.
-32221103
-1011101010001110111 (base 2) to base 15
-78316
Convert -2bc0c31 (base 13) to base 16.
-d6e251
What is eb3d9 (base 15) in base 5?
142344004
6002515 (base 7) to base 8
2544425
What is -123255122 (base 6) in base 3?
-11112001202212
What is 2212312210 (base 5) in base 9?
10036181
11b72c9 (base 14) to base 9
17010116
What is -2b5609 (base 12) in base 9?
-1340540
23120211 (base 5) to base 11
131a38
What is -1010111100221 (base 3) in base 7?
-5046646
What is 253120335 (base 6) in base 10?
4909379
What is 50224244 (base 6) in base 13?
3a8a27
-190c4 (base 14) to base 16
-f734
Convert -1011012010120 (base 3) to base 8.
-2257032
Convert -111310555 (base 6) to base 5.
-1004443142
Convert -2230034440 (base 5) to base 7.
-56566523
11111110201 (base 3) to base 2
10101100111101000
What is 757c (base 16) in base 6?
351124
What is 39741 (base 13) in base 4?
122003010
Convert -15ab4a (base 12) to base 6.
-11543334
Convert 1100111111100101 (base 2) to base 4.
30333211
200000121202 (base 3) to base 10
354746
What is 31111010 (base 4) in base 3?
2202220002
Convert 12455564 (base 7) to base 6.
40234052
What is -5214756 (base 9) in base 4?
-22220001312
What is -1332332113 (base 4) in base 5?
-113120322
300252 (base 6) to base 4
11232020
Convert 34e67 (base 16) to base 10.
216679
What is 10000100001001110100 (base 2) in base 7?
4413064
Convert 1234633 (base 10) to base 9.
2281534
Convert -7ea41 (base 16) to base 6.
-15041253
What is -1101000101100011101 (base 2) in base 15?
-870d9
What is -16aa00 (base 14) in base 2?
-11000010110000011000
What is 375277a (base 11) in base 2?
11000110111100000111001
What is -4587c (base 16) in base 8?
-1054174
Convert -644990 (base 10) to base 6.
-21454022
-2000201012122 (base 3) to base 4
-10012322111
What is a1942 (base 12) in base 11?
134114
-1381312 (base 9) to base 15
-100bde
What is d02e5 (base 16) in base 12?
351571
What is 407654 (base 14) in base 9?
4070070
What is 385d72 (base 14) in base 3?
10122102021222
Convert -2331214 (base 8) to base 13.
-193371
Convert 120011122110 (base 3) to base 5.
34024012
-28a4a37 (base 11) to base 8
-23007302
Convert 2516663 (base 9) to base 7.
14433006
102112212202 (base 3) to base 7
1634600
-1c3 (base 14) to base 11
-304
201653 (base 10) to base 15
3eb38
22122000201 (base 3) to base 8
513624
What is -110132412 (base 5) in base 2?
-1110011101111111011
ba51c (base 15) to base 7
5013204
1035bb9 (base 14) to base 8
35162427
What is 20420225 (base 7) in base 14?
32a785
What is 5123133 (base 6) in base 10?
244353
What is 1100011100110101001 (base 2) in base 16?
639a9
e2849 (base 15) to base 6
23213053
What is 11121112211 (base 3) in base 12?
44664
Convert 11b15d (base 15) to base 10.
847438
-1da79 (base 14) to base 6
-1344323
Convert -6495a02 (base 11) to base 16.
-ae26d6
-13423115 (base 6) to base 4
-1232322113
Convert 10022112110 (base 4) to base 15.
1683ae
Convert -211011110122112 (base 3) to base 10.
-11779655
-115510140 (base 6) to base 4
-20201023230
What is 111010001001000 (base 2) in base 11?
20402
Convert 3485740 (base 12) to base 8.
46506740
Convert 100343333 (base 5) to base 11.
255835
Convert -cfbe (base 16) to base 15.
-10b57
2211010210 (base 3) to base 8
154322
Convert 